3 is divided by 375.
8
Calculate the remainder when 5433 is divided by 5398.
35
What is the remainder when 1118 is divided by 91?
26
What is the remainder when 1143742 is divided by 4?
2
Calculate the remainder when 3307 is divided by 3303.
4
What is the remainder when 124173 is divided by 41391?
0
Calculate the remainder when 6569 is divided by 14.
3
What is the remainder when 60606 is divided by 123?
90
What is the remainder when 69688 is divided by 115?
113
Calculate the remainder when 54681 is divided by 280.
81
Calculate the remainder when 21908 is divided by 1990.
18
Calculate the remainder when 163461 is divided by 12.
9
Calculate the remainder when 4831 is divided by 32.
31
What is the remainder when 5309 is divided by 805?
479
What is the remainder when 20234 is divided by 50?
34
Calculate the remainder when 286442 is divided by 62.
2
Calculate the remainder when 40251 is divided by 415.
411
What is the remainder when 63392 is divided by 440?
32
Calculate the remainder when 142527 is divided by 136.
135
What is the remainder when 194817 is divided by 17?
14
Calculate the remainder when 2225 is divided by 1072.
81
What is the remainder when 991816 is divided by 18?
16
What is the remainder when 28175 is divided by 296?
55
Calculate the remainder when 1460482 is divided by 42.
16
What is the remainder when 64250 is divided by 540?
530
What is the remainder when 102949 is divided by 20581?
44
Calculate the remainder when 68746 is divided by 12.
10
Calculate the remainder when 332350 is divided by 36927.
7
What is the remainder when 15074 is divided by 2119?
241
What is the remainder when 32286 is divided by 2934?
12
What is the remainder when 1029922 is divided by 325?
322
Calculate the remainder when 10636 is divided by 314.
274
What is the remainder when 3365 is divided by 1649?
67
What is the remainder when 3526397 is divided by 256?
253
Calculate the remainder when 53691 is divided by 632.
603
What is the remainder when 57656 is divided by 149?
142
Calculate the remainder when 3864 is divided by 1728.
408
Calculate the remainder when 87870 is divided by 104.
94
Calculate the remainder when 9128 is divided by 1120.
168
What is the remainder when 48392 is divided by 162?
116
Calculate the remainder when 1838 is divided by 258.
32
What is the remainder when 53271 is divided by 143?
75
What is the remainder when 69730 is divided by 2789?
5
What is the remainder when 4459 is divided by 1198?
865
What is the remainder when 9630 is divided by 959?
40
Calculate the remainder when 946119 is divided by 158.
15
What is the remainder when 3312 is divided by 3292?
20
What is the remainder when 2043 is divided by 104?
67
Calculate the remainder when 9287 is divided by 108.
107
Calculate the remainder when 91557 is divided by 45699.
159
What is the remainder when 85956 is divided by 20?
16
Calculate the remainder when 2026 is divided by 39.
37
Calculate the remainder when 18081 is divided by 901.
61
Calculate the remainder when 57098 is divided by 3004.
22
What is the remainder when 116416 is divided by 154?
146
What is the remainder when 151991 is divided by 37993?
19
What is the remainder when 7107 is divided by 156?
87
Calculate the remainder when 187857 is divided by 142.
133
Calculate the remainder when 8685 is divided by 2163.
33
What is the remainder when 245022 is divided by 27?
24
What is the remainder when 528811 is divided by 11?
8
What is the remainder when 7215 is divided by 452?
435
Calculate the remainder when 6249 is divided by 260.
9
What is the remainder when 63400 is divided by 47?
44
What is the remainder when 2017 is divided by 352?
257
Calculate the remainder when 42450 is divided by 208.
18
What is the remainder when 707656 is divided by 29?
27
Calculate the remainder when 708702 is divided by 14.
8
What is the remainder when 2328 is divided by 188?
72
Calculate the remainder when 14277 is divided by 3569.
1
What is the remainder when 678993 is divided by 274?
21
What is the remainder when 167708 is divided by 60?
8
What is the remainder when 1074525 is divided by 28?
25
What is the remainder when 55569 is divided by 817?
13
Calculate the remainder when 14534 is divided by 1208.
38
What is the remainder when 6577 is divided by 2119?
220
Calculate the remainder when 4286 is divided by 1345.
251
What is the remainder when 1531 is divided by 165?
46
What is the remainder when 131 is divided by 130?
1
Calculate the remainder when 516945 is divided by 276.
273
What is the remainder when 2256 is divided by 207?
186
Calculate the remainder when 188491 is divided by 43.
22
Calculate the remainder when 438184 is divided by 73030.
4
Calculate the remainder when 15823 is divided by 476.
115
What is the remainder when 169257 is divided by 60?
57
What is the remainder when 42129 is divided by 22?
21
What is the remainder when 3268 is divided by 858?
694
Calculate the remainder when 2587 is divided by 131.
98
Calculate the remainder when 24841 is divided by 7.
5
What is the remainder when 913 is divided by 316?
281
Calculate the remainder when 11454 is divided by 817.
16
Calculate the remainder when 351794 is divided by 203.
198
What is the remainder when 208201 is divided by 90?
31
Calculate the remainder when 208261 is divided by 41641.
56
Calculate the remainder when 2634 is divided by 69.
12
What is the remainder when 4784 is divided by 1332?
788
What is the remainder when 1671239 is divided by 49?
45
What is the remainder when 94936 is divided by 156?
88
Calculate the remainder when 711 is divided by 317.
77
What is the remainder when 6798 is divided by 93?
9
What is the remainder when 1764 is divided by 66?
48
What is the remainder when 15589 is divided by 1947?
13
Calculate the remainder when 384663 is divided by 7.
6
Calculate the remainder when 115827 is divided by 1730.
1647
What is the remainder when 4092 is divided by 151?
15
What is the remainder when 1451 is divided by 717?
17
Calculate the remainder when 5049 is divided by 35.
9
What is the remainder when 30455 is divided by 47?
46
Calculate the remainder when 2157222 is divided by 587.
584
What is the remainder when 23345 is divided by 5829?
29
Calculate the remainder when 11810 is divided by 907.
19
What is the remainder when 1043 is divided by 798?
245
Calculate the remainder when 2086 is divided by 1924.
162
Calculate the remainder when 52870 is divided by 17481.
427
What is the remainder when 4628 is divided by 475?
353
What is the remainder when 1890 is divided by 511?
357
Calculate the remainder when 4786370 is divided by 53.
46
Calculate the remainder when 109 is divided by 36.
1
What is the remainder when 7906 is divided by 62?
32
Calculate the remainder when 25043 is divided by 8345.
8
What is the remainder when 32081 is divided by 235?
121
What is the remainder when 2906 is divided by 620?
426
Calculate the remainder when 24321 is divided by 1160.
1121
What is the remainder when 4828 is divided by 2404?
20
Calculate the remainder when 60794 is divided by 3199.
13
What is the remainder when 1594 is divided by 390?
34
Calculate the remainder when 114832 is divided by 28700.
32
Calculate the remainder when 24857 is divided by 4963.
42
What is the remainder when 2303 is divided by 533?
171
Calculate the remainder when 905738 is divided by 22.
20
Calculate the remainder when 15569 is divided by 1549.
79
Calculate the remainder when 1002739 is divided by 57.
52
What is the remainder when 77741 is divided by 163?
153
What is the remainder when 856 is divided by 42?
16
What is the remainder when 1432 is divided by 472?
16
What is the remainder when 12458 is divided by 212?
162
What is the remainder when 7824 is divided by 99?
3
What is the remainder when 2287119 is divided by 534?
531
What is the remainder when 1775514 is divided by 123?
9
Calculate the remainder when 115295 is divided by 14410.
15
Calculate the remainder when 14767 is divided by 1474.
27
Calculate the remainder when 37929 is divided by 9.
3
What is the remainder when 578 is divided by 53?
48
Calculate the remainder when 49491 is divided by 293.
267
What is the remainder when 4719599 is divided by 432?
431
Calculate the remainder when 57068 is divided by 32.
12
What is the remainder when 39929 is div